 remainder when 11820 is divided by 3?
0
What is the remainder when 332 is divided by 68?
60
What is the remainder when 316 is divided by 311?
5
What is the remainder when 839 is divided by 7?
6
What is the remainder when 852 is divided by 57?
54
What is the remainder when 58692 is divided by 129?
126
What is the remainder when 813 is divided by 41?
34
Calculate the remainder when 739 is divided by 67.
2
What is the remainder when 1966 is divided by 41?
39
What is the remainder when 168 is divided by 26?
12
Calculate the remainder when 853 is divided by 96.
85
Calculate the remainder when 299 is divided by 25.
24
Calculate the remainder when 7715 is divided by 83.
79
What is the remainder when 435 is divided by 51?
27
What is the remainder when 1618 is divided by 45?
43
Calculate the remainder when 536 is divided by 190.
156
What is the remainder when 95 is divided by 36?
23
Calculate the remainder when 74 is divided by 17.
6
Calculate the remainder when 121 is divided by 61.
60
Calculate the remainder when 125 is divided by 59.
7
Calculate the remainder when 731 is divided by 34.
17
What is the remainder when 75 is divided by 13?
10
What is the remainder when 11279 is divided by 30?
29
What is the remainder when 382 is divided by 98?
88
What is the remainder when 287 is divided by 17?
15
What is the remainder when 545 is divided by 61?
57
Calculate the remainder when 35 is divided by 6.
5
What is the remainder when 8259 is divided by 31?
13
Calculate the remainder when 415 is divided by 22.
19
Calculate the remainder when 5614 is divided by 27.
25
What is the remainder when 510 is divided by 241?
28
Calculate the remainder when 113 is divided by 29.
26
Calculate the remainder when 392 is divided by 194.
4
What is the remainder when 82 is divided by 20?
2
Calculate the remainder when 78 is divided by 18.
6
Calculate the remainder when 110 is divided by 3.
2
What is the remainder when 6639 is divided by 9?
6
What is the remainder when 163 is divided by 51?
10
What is the remainder when 942 is divided by 41?
40
What is the remainder when 427 is divided by 45?
22
Calculate the remainder when 3868 is divided by 30.
28
Calculate the remainder when 1488 is divided by 482.
42
Calculate the remainder when 4492 is divided by 20.
12
Calculate the remainder when 136 is divided by 127.
9
What is the remainder when 15260 is divided by 106?
102
Calculate the remainder when 3082 is divided by 16.
10
What is the remainder when 408 is divided by 336?
72
What is the remainder when 116 is divided by 26?
12
What is the remainder when 377 is divided by 63?
62
Calculate the remainder when 208 is divided by 43.
36
What is the remainder when 334 is divided by 21?
19
Calculate the remainder when 185 is divided by 32.
25
Calculate the remainder when 125 is divided by 2.
1
What is the remainder when 88 is divided by 29?
1
Calculate the remainder when 2359 is divided by 87.
10
What is the remainder when 372 is divided by 23?
4
Calculate the remainder when 51 is divided by 29.
22
What is the remainder when 260 is divided by 12?
8
Calculate the remainder when 1103 is divided by 140.
123
What is the remainder when 382 is divided by 19?
2
Calculate the remainder when 41535 is divided by 21.
18
Calculate the remainder when 416 is divided by 33.
20
What is the remainder when 107 is divided by 22?
19
Calculate the remainder when 43 is divided by 29.
14
What is the remainder when 257 is divided by 67?
56
What is the remainder when 304 is divided by 39?
31
Calculate the remainder when 163 is divided by 59.
45
What is the remainder when 233 is divided by 29?
1
What is the remainder when 167 is divided by 33?
2
Calculate the remainder when 168 is divided by 57.
54
What is the remainder when 37 is divided by 6?
1
Calculate the remainder when 215 is divided by 22.
17
What is the remainder when 435 is divided by 73?
70
Calculate the remainder when 674 is divided by 18.
8
Calculate the remainder when 52272 is divided by 13.
12
Calculate the remainder when 1659 is divided by 83.
82
What is the remainder when 727 is divided by 100?
27
Calculate the remainder when 8279 is divided by 23.
22
What is the remainder when 30703 is divided by 19?
18
Calculate the remainder when 94 is divided by 93.
1
What is the remainder when 3096 is divided by 155?
151
Calculate the remainder when 27 is divided by 25.
2
What is the remainder when 702 is divided by 37?
36
What is the remainder when 353 is divided by 168?
17
What is the remainder when 238 is divided by 35?
28
What is the remainder when 78 is divided by 2?
0
What is the remainder when 83 is divided by 9?
2
What is the remainder when 1643 is divided by 276?
263
Calculate the remainder when 1114 is divided by 294.
232
What is the remainder when 2305 is divided by 66?
61
Calculate the remainder when 7376 is divided by 30.
26
What is the remainder when 983 is divided by 110?
103
Calculate the remainder when 55 is divided by 28.
27
What is the remainder when 96 is divided by 32?
0
What is the remainder when 33 is divided by 32?
1
Calculate the remainder when 25477 is divided by 28.
25
What is the remainder when 6351 is divided by 155?
151
Calculate the remainder when 444 is divided by 148.
0
Calculate the remainder when 647 is divided by 17.
1
Calculate the remainder when 50 is divided by 13.
11
Calculate the remainder when 52881 is divided by 6.
3
Calculate the remainder when 1895 is divided by 11.
3
What is the remainder when 2924 is divided by 14?
12
Calculate the remainder when 673 is divided by 75.
73
What is the remainder when 3653 is divided by 48?
5
Calculate the remainder when 384 is divided by 104.
72
What is the remainder when 538 is divided by 74?
20
What is the remainder when 195 is divided by 34?
25
Calculate the remainder when 45 is divided by 27.
18
Calculate the remainder when 421 is divided by 403.
18
What is the remainder when 144 is divided by 29?
28
Calculate the remainder when 109 is divided by 3.
1
Calculate the remainder when 448 is divided by 41.
38
What is the remainder when 27 is divided by 9?
0
What is the remainder when 46 is divided by 46?
0
Calculate the remainder when 181 is divided by 50.
31
What is the remainder when 4051 is divided by 2?
1
What is the remainder when 550 is divided by 64?
38
What is the remainder when 204 is divided by 53?
45
What is the remainder when 500 is divided by 254?
246
Calculate the remainder when 755 is divided by 28.
27
Calculate the remainder when 32 is divided by 21.
11
What is the remainder when 54 is divided by 32?
22
What is the remainder when 584 is divided by 84?
80
Calculate the remainder when 189 is divided by 32.
29
What is the remainder when 73 is divided by 20?
13
What is the remainder when 122 is divided by 16?
10
What is the remainder when 9959 is divided by 7?
5
What is the remainder when 390 is divided by 50?
40
Calculate the remainder when 172 is divided by 42.
4
Calculate the remainder when 272 is divided by 80.
32
What is the remainder when 25 is divided by 5?
0
Calculate the remainder when 124 is divided by 18.
16
Calculate the remainder when 138 is divided by 23.
0
What is the remainder when 545 is divided by 110?
105
Calculate the remainder when 523 is divided by 165.
28
Calculate the remainder when 22 is divided by 11.
0
Calculate the remainder when 551 is divided by 69.
68
What is the remainder when 25 is divided by 3?
1
Calculate the remainder when 991 is divided by 14.
11
Calculate the remainder when 72 is divided by 25.
22
What is the remainder when 584 is divided by 65?
64
Calculate the remainder when 172 is divided by 60.
52
What is the remainder when 980 is divided by 12?
8
What is the remainder when 2749 is divided by 17?
12
Calculate the remainder when 440 is divided by 52.
24
What is the remainder when 58 is divided by 6?
4
Calculate the remainder when 71 is divided by 18.
17
What is the remainder when 236 is divided by 54?
20
Calculate the remainder when 559 is divided by 270.
19
Calculate the remainder when 1069 is divided by 1039.
30
Calculate the remainder when 4507 is divided by 46.
45
What is the remainder when 153 is divided by 146?
7
Calculate the remainder when 740 is divided by 149.
144
What is the remainder when 602 is divided by 67?
66
Calc